, 3, 67
What are the prime factors of 26683?
26683
List the prime factors of 59202.
2, 3, 11, 13, 23
What are the prime factors of 45569?
45569
What are the prime factors of 14328?
2, 3, 199
List the prime factors of 869.
11, 79
List the prime factors of 25105.
5, 5021
List the prime factors of 1143.
3, 127
What are the prime factors of 321?
3, 107
List the prime factors of 1232.
2, 7, 11
List the prime factors of 26348.
2, 7, 941
List the prime factors of 9544.
2, 1193
What are the prime factors of 2224?
2, 139
List the prime factors of 712.
2, 89
List the prime factors of 12559.
19, 661
List the prime factors of 36446.
2, 18223
List the prime factors of 5987.
5987
List the prime factors of 8586.
2, 3, 53
What are the prime factors of 9254?
2, 7, 661
List the prime factors of 137848.
2, 17231
List the prime factors of 2168.
2, 271
What are the prime factors of 121262?
2, 60631
List the prime factors of 5621.
7, 11, 73
What are the prime factors of 16086?
2, 3, 7, 383
List the prime factors of 19045.
5, 13, 293
What are the prime factors of 39414?
2, 3, 6569
List the prime factors of 9493.
11, 863
List the prime factors of 2150.
2, 5, 43
What are the prime factors of 8887?
8887
What are the prime factors of 140?
2, 5, 7
List the prime factors of 835.
5, 167
What are the prime factors of 8277?
3, 31, 89
What are the prime factors of 979?
11, 89
What are the prime factors of 39756?
2, 3, 3313
What are the prime factors of 1829?
31, 59
What are the prime factors of 1858?
2, 929
List the prime factors of 45359.
67, 677
What are the prime factors of 107487?
3, 1327
What are the prime factors of 987?
3, 7, 47
List the prime factors of 47729.
11, 4339
List the prime factors of 12308.
2, 17, 181
List the prime factors of 1737.
3, 193
What are the prime factors of 13574?
2, 11, 617
List the prime factors of 12980.
2, 5, 11, 59
List the prime factors of 42440.
2, 5, 1061
List the prime factors of 12941.
12941
List the prime factors of 5430.
2, 3, 5, 181
List the prime factors of 2375.
5, 19
List the prime factors of 19638.
2, 3, 1091
List the prime factors of 991.
991
What are the prime factors of 4391?
4391
List the prime factors of 1421.
7, 29
What are the prime factors of 943?
23, 41
List the prime factors of 37574.
2, 18787
List the prime factors of 2083.
2083
What are the prime factors of 230?
2, 5, 23
What are the prime factors of 1839?
3, 613
What are the prime factors of 4004?
2, 7, 11, 13
What are the prime factors of 3497?
13, 269
What are the prime factors of 8168?
2, 1021
What are the prime factors of 5046?
2, 3, 29
What are the prime factors of 14582?
2, 23, 317
List the prime factors of 8660.
2, 5, 433
What are the prime factors of 6273?
3, 17, 41
What are the prime factors of 108?
2, 3
What are the prime factors of 5833?
19, 307
What are the prime factors of 1030?
2, 5, 103
What are the prime factors of 79240?
2, 5, 7, 283
What are the prime factors of 457?
457
What are the prime factors of 28159?
29, 971
What are the prime factors of 4375?
5, 7
List the prime factors of 23422.
2, 7, 239
What are the prime factors of 14555?
5, 41, 71
What are the prime factors of 4085?
5, 19, 43
List the prime factors of 10012.
2, 2503
What are the prime factors of 367?
367
What are the prime factors of 1029?
3, 7
List the prime factors of 1136.
2, 71
List the prime factors of 1262.
2, 631
List the prime factors of 16833.
3, 31, 181
What are the prime factors of 394?
2, 197
What are the prime factors of 10260?
2, 3, 5, 19
What are the prime factors of 167979?
3, 7, 19, 421
What are the prime factors of 111094?
2, 55547
List the prime factors of 2648.
2, 331
What are the prime factors of 4203?
3, 467
What are the prime factors of 32681?
11, 2971
List the prime factors of 23365.
5, 4673
List the prime factors of 1602.
2, 3, 89
List the prime factors of 6468.
2, 3, 7, 11
What are the prime factors of 16096?
2, 503
What are the prime factors of 28292?
2, 11, 643
What are the prime factors of 28039?
11, 2549
List the prime factors of 406.
2, 7, 29
List the prime factors of 1980.
2, 3, 5, 11
What are the prime factors of 548?
2, 137
What are the prime factors of 549?
3, 61
What are the prime factors of 15355?
5, 37, 83
List the prime factors of 10786.
2, 5393
What are the prime factors of 811?
811
List the prime factors of 28271.
17, 1663
What are the prime factors of 699?
3, 233
List the prime factors of 464.
2, 29
List the prime factors of 208.
2, 13
What are the prime factors of 7267?
13, 43
List the prime factors of 3167.
3167
List the prime factors of 1697.
1697
What are the prime factors of 148663?
148663
What are the prime factors of 346?
2, 173
List the prime factors of 13104.
2, 3, 7, 13
List the prime factors of 8771.
7, 179
List the prime factors of 825.
3, 5, 11
What are the prime factors of 3415?
5, 683
What are the prime factors of 6373?
6373
List the prime factors of 48822.
2, 3, 79, 103
What are the prime factors of 3908?
2, 977
What are the prime factors of 91?
7, 13
List the prime factors of 46781.
7, 41, 163
What are the prime factors of 130?
2, 5, 13
List the prime factors of 13169.
13, 1013
What are the prime factors of 711?
3, 79
What are the prime factors of 7727?
7727
List the prime factors of 4766.
2, 2383
What are the prime factors of 96301?
23, 53, 79
List the prime factors of 13446.
2, 3, 83
List the prime factors of 358.
2, 179
What are the prime factors of 74?
2, 37
List the prime factors of 20923.
7, 61
What are the prime factors of 21531?
3, 7177
What are the prime factors of 6305?
5, 13, 97
List the prime factors of 9840.
2, 3, 5, 41
What are the prime factors of 7795?
5, 1559
What are the prime factors of 555?
3, 5, 37
What are the prime factors of 340?
2, 5, 17
List the prime factors of 4912.
2, 307
List the prime factors of 228.
2, 3, 19
List the prime factors of 544.
2, 17
What are the prime factors of 14857?
83, 179
List the prime factors of 1440.
2, 3, 5
List the prime factors of 21110.
2, 5, 2111
List the prime factors of 1725.
3, 5, 23
List the prime factors of 61532.
2, 15383
List the prime factors of 3356.
2, 839
List the prime factors of 126.
2, 3, 7
List the prime factors of 4830.
2, 3, 5, 7, 23
List the prime factors of 100.
2, 5
List the prime factors of 850.
2, 5, 17
List the prime factors of 2303.
7, 47
List the prime factors of 30285.
3, 5, 673
List the prime factors of 26227.
26227
What are the prime factors of 5334?
2, 3, 7, 127
What are the prime factors of 10563?
3, 7, 503
What are the prime factors of 541?
541
What are the prime factors of 12900?
2, 3, 5, 43
List the prime factors of 6601.
7, 23, 41
What are the prime factors of 16234?
2, 8117
List the prime factors of 2560.
2, 5
What are the prime factors of 7301?
7, 149
List the prime factors of 629.
17, 37
List the prime factors of 23209.
23209
List the prime factors of 3069.
3, 11, 31
List the prime factors of 15276.
2, 3, 19, 67
What are the prime factors of 10393?
19, 547
List the prime factors of 1057.
7, 151
What are the prime factors of 2358?
2, 3, 131
What are the prime factors of 5798?
2, 13, 223
List the prime factors of 9004.
2, 2251
What are the prime factors of 97849?
97849
What are the prime factors of 4184?
2, 523
What are the prime factors of 1977?
3, 659
List the prime factors of 36486.
2, 3, 2027
What are the prime factors of 83826?
2, 3, 4657
What are the prime factors of 54481?
7, 43, 181
List the prime factors of 3342.
2, 3, 557
What are the prime factors of 573?
3, 191
List the prime factors of 81305.
5, 7, 23, 101
What are the prime factors of 2060?
2, 5, 103
What are the prime factors of 2411?
2411
What are the prime factors of 1678?
2, 839
List the prime factors of 167550.
2, 3, 5, 1117
What are the prime factors of 514?
2, 257
List the prime factors of 37721.
67, 563
List the prime factors of 55026.
2, 3, 1019
List the prime factors of 4888.
2, 13, 47
List the prime factors of 10486.
2, 7, 107
List the prime factors of 7840.
2, 5, 7
List the prime factors of 11378.
2, 5689
List the prime factors of 65636.
2, 61, 269
What are the prime factors of 1311?
3, 19, 23
List the prime factors of 142909.
13, 10993
List the prime factors of 86866.
2, 13, 257
List the prime factors of 119927.
43, 2789
What are the prime factors of 713?
